 18. Let y(b) = -5*b**3 + b**2 + 2*b + 3. What is y(s)?
141
Let s(f) be the third derivative of f**4/6 + 49*f**3/6 + 29*f**2. Let u be s(-12). Let k(b) = 9*b. What is k(u)?
9
Let x(c) be the first derivative of -c**2/2 - 6*c + 2268. Calculate x(-3).
-3
Let a(x) be the second derivative of -13*x**3/6 + x**2 + 8*x - 5. What is a(3)?
-37
Let p(z) be the first derivative of z**3/3 + 4*z**2 + 12*z - 34. Let m be (-3)/(4 - 58/16). What is p(m)?
12
Let u = 3429 - 3428. Let y(x) = 32*x + 5. Give y(u).
37
Let c(q) = -9*q - 11. Let x(l) = l + 3. Let a = 354 + -355. Let z(b) = a*c(b) - 3*x(b). What is z(-5)?
-28
Suppose 3*d + 7 = 34. Suppose -3*i + 5*q = 59 - 38, -4*i - 5*q + 42 = 0. Let j(p) = -5*p + 4*p + d - i. Determine j(0).
6
Let c(a) = -a + 3. Let u = -274 - -273. Let r be (70/(-7))/5 + u. What is c(r)?
6
Suppose 141*n - 19 = -5*z + 145*n, 4*n = -24. Let k(l) = 40*l + 11. Calculate k(z).
-29
Let x(h) be the second derivative of h**4/12 + 13*h**3/6 - 7*h**2 + h + 1388. Give x(-14).
0
Suppose -2*z - 3*o + 860 = 841, 2 = z + 4*o. Let i(x) = -11*x - 16 - 5*x + 17*x. Calculate i(z).
-2
Let v(g) = 7*g**3 - 4*g**2 - 10*g - 5. Let o(n) = -5*n**3 + 4*n**2 + 9*n + 6. Let x(w) = 4*o(w) + 3*v(w). Let l be (3 + (-4)/8)*(-16)/10. What is x(l)?
-15
Suppose -5*p + 65 = 8*p. Suppose d - 3*z = 4 + 2, d + 10 = -p*z. Let o(m) be the second derivative of -m**3/6 + 15*m**2/2 + 2*m. Give o(d).
15
Let i(m) be the second derivative of -1/6*m**3 - 5 + 11/2*m**2 - 9*m. Give i(8).
3
Let u = -10 + 15. Suppose -4*c + u - 13 = 0. Let v(n) = -41*n + 9. Let y(o) = -24*o + 5. Let r(i) = -4*v(i) + 7*y(i). Give r(c).
7
Let d(g) = g**3 + 9*g**2 + 6*g - 16. Let k be d(-8). Let w(f) = -29 + 35 + k*f**2 + 6*f**2 + f**3 + 7*f. Determine w(-4).
10
Suppose 5*a - 22 = -3*w, -4*a - 2*w = -0*w - 18. Suppose 2*x + 20 = 2*s, -4*s + 49 = -a*x + 6. Let y(j) = j - 5. Determine y(s).
2
Let c(z) = 2. Let a(w) = -11*w - 18. Let d(b) = -a(b) - 6*c(b). Let y(s) = -2*s + 1. Let o(r) = -d(r) - 6*y(r). Calculate o(10).
-2
Let o = -2 + -1. Let r(n) be the third derivative of 5*n**4/24 + 2*n**3 - 2*n**2 + 4*n + 1392. Give r(o).
-3
Let d(k) = 182*k - 88*k - 85*k + 0 + k**3 - 9*k**2 - 7. Suppose 0 = 9*r - 68 - 4. What is d(r)?
1
Let r = 41 - 44. Let f(n) = 3*n - 5. Determine f(r).
-14
Let c(x) = x**3 - 8*x**2 - 16*x + 66. Let i be c(9). Let m(o) = 0*o**2 + 6*o**2 - 4*o + 66*o**3 - 31*o**3 - 34*o**i + 8. Determine m(-7).
-13
Let y = 373 + -381. Let x(d) = -d**2 - 6*d - 5. Let a be 28/10 + 1/5. Let n(b) = b. Let g(t) = a*n(t) - x(t). Calculate g(y).
-3
Let r = 11 - 6. Let d be (6 - (-5)/(-1)) + 5. Let b(u) = -5*u**2 + 3*u - 13. Let m(v) = 14*v**2 - 8*v + 38. Let t(g) = d*m(g) + 17*b(g). Determine t(r).
-3
Let n(t) = -13*t + 72. Let j be n(-10). Let h = -207 + j. Let b(m) = m**3 + 4*m**2 - 7*m - 5. Determine b(h).
5
Let u(b) = -b**3 - b**2 + b. Suppose 0 = -w + 4. Suppose -s - 3*v = s - 19, 0 = w*v - 4. Let t be -3 - (28/(-16) + 6/s). Calculate u(t).
2
Let n be 602/(-126) + ((-8)/(-54))/(2/(-3)). Let h(x) = -x**2 - 5*x - 6. Calculate h(n).
-6
Let v(f) = 3*f**2 + 5*f + 6. Let d be v(-3). Let i be (4/(-5) - -2)/(20/150). Let p(h) = -2*h**2 - 6*h**2 + i*h**2 + 0*h**2 - d. What is p(0)?
-18
Let s(v) = 6*v**2 + 15*v - 8. Suppose -3*c + 25*g - 103 = 12*g, 0 = -5*c - 5*g + 15. Determine s(c).
28
Let w(l) = 3*l - 2. Let f(r) = -35*r + 63*r - 27*r. Let i(u) = 4*f(u) - w(u). Calculate i(-2).
0
Suppose -4*j + 91 = 35. Suppose 4*h + j = 3*h. Let q be h/(-8) + (-5)/(-4 + -16). Let i(x) = -x**3 - 2*x**2 + 2*x. What is i(q)?
-12
Let p(k) = -53*k + 31. Let i(n) = 8531 + 5*n - 4265 - 4267. Let t(g) = -22*i(g) - 2*p(g). Give t(-10).
0
Let d(j) be the third derivative of -5*j**4/24 + 25*j**3/6 + 2*j**2 + 480. Calculate d(5).
0
Let z(w) = -4*w**3. Suppose 2900 = 444*b - 439*b. Let k = b - 582. Determine z(k).
32
Let k(n) = 268*n - 280*n - 6 - 143 + n**2 - 67. Give k(-10).
4
Let v(h) be the first derivative of -h**4/4 - 4*h**3/3 - h**2/2 - 4*h + 1909. What is v(-3)?
-10
Let f be ((-21)/9 + 1)*927/(-1236). Let a(k) = 2*k**2 + 2*k + 4*k**2 - 1 + 0*k**2. Determine a(f).
7
Let b(m) = 34 + 12 + 0*m - m - 17 - m. Calculate b(5).
19
Let x(t) = -t + 542. Let j(c) = 181. Let l(w) = 3*j(w) - x(w). Suppose -19 = 4*d + 3*a, -5*d + 5*a + 23 - 3 = 0. Let i = 0 - d. What is l(i)?
2
Let n(x) = 45*x + 446. Let a = -9253 - -9243. Give n(a).
-4
Let l(a) be the first derivative of 18*a**4 - a**2/2 - 2*a + 7221. Give l(-1).
-73
Let t(k) = 53*k - 38. Let z(w) = -33*w + 25. Let m(h) = -5*t(h) - 8*z(h). Let q = 4 - 13. What is m(q)?
-1
Let b be 5/1*(10/15 + 11/(-66)). Let p(s) be the first derivative of -b*s**2 - 1/3*s**3 - 5*s + 14. Give p(-4).
-1
Let d be (2 + 28/(-5))*20/(-6). Suppose j - 4 = -a, a - d = 4*j - 6*j. Let l(u) = j + 5*u**2 - 14 + 5. Determine l(-1).
4
Suppose -5*o = 3*i - 9, 0*i - 9 = -3*i + 4*o. Let x be (-259)/49 - (-2)/21*i. Let v(d) = -d - 4. Let b(p) = -p - 3. Let w(r) = 5*b(r) - 4*v(r). Calculate w(x).
6
Let r(a) = -a**3 + 6*a**2 - 2*a - 4. Let l be (-2 + (-4)/(-6))*-24. Let j be (-78)/(-12) + (-1)/2. Suppose -2*d + l = j*d. Calculate r(d).
20
Let j(v) = -v**3 + v**2. Let p be (4 + -3)*((-10)/(-2))/(-1). Let i(y) = 6*y**3 - 10*y**2 + 3*y + 4. Let a(q) = p*j(q) - i(q). What is a(3)?
5
Let i(a) be the second derivative of a**5/20 + a**4/3 - a**3/3 - 3*a**2 - 19*a. Let q(n) = -n**3 - n - 4. Let h be q(0). Calculate i(h).
2
Let l(x) be the second derivative of x**4/12 - 11*x**3/6 + x**2/2 + 3*x. Suppose f - 4*k = -21, 764*f + 3*k = 765*f + 13. What is l(f)?
1
Let n(r) = r**2 + 9*r + 8. Let i be 0/(-6) + 10 - 5. Suppose -2*h + i*h - 114 = 0. Suppose 42 = -4*t - 5*w, -t + h = -6*t + w. Calculate n(t).
0
Suppose 1 = -i, -3*i - 41 = 4*a + 2*i. Let d(o) = 337 - 10*o + 28*o - 334 - 11*o**2 + 29*o**2 - 9*o**2 - 7*o**2. What is d(a)?
3
Suppose 4*s = w - 190 + 191, 2*s = 2*w - 4. Let v(u) = 65*u**2 + u - 2. Determine v(s).
64
Let o = 13 - 11. Suppose -14*j - 2604 = -21*j. Let w(g) = -3 - 187*g**2 + 2*g - 184*g**2 + j*g**2. Calculate w(o).
5
Let w = -129 - -137. Suppose 32 = -w*h + 120. Let p(s) = -s**3 + 12*s**2 - 12*s - 6. Give p(h).
-17
Let f(a) be the second derivative of -a**3/2 + 25*a**2/2 - a + 259. What is f(0)?
25
Let m(z) be the third derivative of -z**5/60 + 5*z**4/24 + 2*z**3/3 - 1578*z**2. Let d = -28 - -25. Determine m(d).
-20
Let a(b) = -17*b**3 + 21*b**2 - 23*b + 26. Let c(h) = 3*h**3 - 4*h**2 + 5*h - 5. Let j(u) = 2*a(u) + 11*c(u). Calculate j(-5).
27
Let l(v) = -v**3 - 22*v**2 + 105*v + 36. Let j be l(-26). Let t(i) = -i - 7. Give t(j).
-17
Let k(m) = -10*m + 6. Suppose 0 = 68*x + 70*x + 966. Determine k(x).
76
Let a(v) be the third derivative of -v**6/120 + 7*v**5/60 + 3*v**4/8 - v**3/2 - 2*v**2. Suppose 0 = 62*l - 146 - 526 + 176. Give a(l).
5
Let c(x) = -3*x**2 + x. Let y be c(1). Let v be 0/(4 + y - 0). Let j(r) = v*r + 8*r + r**2 + 5 + 4 - r. Calculate j(-6).
3
Let s(u) = u**2 - 5*u - 5. Let j be s(5). Let q(x) be the second derivative of x**5/20 + 5*x**4/12 + 2*x**3/3 + 5*x**2/2 - 4539*x. Determine q(j).
-15
Let n(d) be the first derivative of -2*d**2 - 5*d + 1/3*d**3 - 6. Calculate n(6).
7
Let d(s) = -23 + 2*s**2 + 5*s - 12 - 11*s - 75*s**3 + 9*s**2 + 74*s**3. Determine d(10).
5
Let a be (-18)/4*(-20)/(-30). Let w(b) = 3*b - 1. Let l be (115/(-10) + 9)*4/5. Let z(u) = 10*u - 4. Let q(h) = l*z(h) + 7*w(h). Give q(a).
-2
Let y(t) = 9 - t**2 - 652835*t + 652835*t. Give y(6).
-27
Suppose 594 = -20*p - 685 + 1119. Let j(h) = -h**2 - 3*h + 31. What is j(p)?
-9
Let a(s) be the third derivative of -1/120*s**6 + s**2 + 11/24*s**4 - 2/15*s**5 + 0 + 35*s + 13/6*s**3. Give a(-9).
-5
Let w(v) = -3*v**2 + 12*v - 34. Let i(p) = -2*p**2 + 11*p - 31. Let f(h) = -5*i(h) + 4*w(h). What is f(-5)?
4
Suppose v + 13 = 4*x, -2*v + v - 16 = -5*x. Let u(i) = -39*i + i**3 + i**x + 5 + 35*i - i**3 + 2*i**2. Determine u(-4).
-11
Let q = -24697 + 24691. Let v(k) = -38*k - 231. Give v(q).
-3
Suppose -48*i = 5*i - 21041. Let q = i - 403. Let b(v) be the third derivative of -v**6/120 - v**5/10 - v**4/24 + 2*v**3/3 + v**2. Determine b(q).
10
Suppose 51*w + 42 = -41*w + 99*w. Let o(n) = n**3 - 6*n**2 + 4*n. Determine o(w).
24
Let t(p) = p**3 - 3*p**2 - 5*p + 3. Let j(b) = -b**3 - 21*b**2 - 22*b - 36. Let n be j(-20). Suppose -4*u = 5*l - 12, -2*u = -3*